 71)
124
What is -44 - (-1 + -135 + 57)?
35
7 + (-1 - 15 - (-90 - -68))
13
19 + (18 - 20) + -79 + -11 + 0
-73
What is 10 - 3 - 0 - -62 - (412 - 426)?
83
What is the value of (-80 - -228) + -202 + 138?
84
What is the value of 9 + -33 + -9 + -12 - (9 + -11)?
-43
What is the value of 2 + -62 + -6 - -6 - (-200 + 191)?
-51
42 - (-20 + 26 + 48)
-12
Evaluate 12 - (-1 + (-1 - (-1 - 7))).
6
What is -41 + -1 + (5 - 2) - (-39 + -22 + 62)?
-40
What is the value of -11 - (-2 + 14) - (7 - (-8 + 5))?
-33
Evaluate 84 - (11 - -147) - (2 + -6 - (-1 + 3)).
-68
What is the value of -72 - ((-8 - -43) + -45)?
-62
What is the value of (11 - -1) + (-10 + -29 + -11 - 3)?
-41
Evaluate 1410 + -1369 + (0 - (1 - -2)) + -1 + -2.
35
(15787 - 15803) + (57 - 0)
41
What is the value of (1 - 1) + 13 + (-2 + 1 - (-31 + 22))?
21
25 + -7 + (4 + 8 - -52) + -9
73
What is the value of 46 + 14 + 9 + -36?
33
What is 0 - -6 - (-187 - -199) - 46 - -2?
-50
129 + (-8 - 58) + -36
27
Calculate 22 + (11 - -5) + -18 + 25 + -10.
35
Evaluate (-39 - -37 - -28) + 20.
46
What is 0 + -2 - 113 - (10 - (-11 - -26) - 5)?
-105
What is the value of 40 + -19 - (-9 + -7 + 14)?
23
Calculate (46 - 20) + 34 + -46.
14
What is (1140 - 1155) + (5 - (0 - -3)) + 4?
-9
What is the value of (-73 - 35) + (-98 - -149)?
-57
Evaluate (-1 - -8) + 3 + -2 + 9 + 7.
24
17 + -11 + -12 + 26 + -6
14
Evaluate (3 - 8) + -40 + 36 + -28.
-37
Evaluate (111 - 42 - 33) + 39.
75
Evaluate -41 + (-12 + -43 - -52).
-44
What is the value of -1664 + 1618 - ((-2 - 1) + (-1 - -16))?
-58
-36 + 1 + 6 + (-2 + 26 + -17 - 1)
-23
Evaluate -15 - (9 + -21) - -6 - -6.
9
What is the value of 1 + -2 + (3 - 1) + -97 + 103?
7
Calculate (4 - 0) + (-118 - -150) - (0 + 3).
33
(-7 + -3 - 3) + 631 + -574
44
What is the value of 3 + -20 + -72 + 76 + (8 - -101 - -8)?
104
What is the value of 5 + (-4 - -1) - (618 - 571)?
-45
Evaluate (-1 - 0) + (13 + (8 - -20) - 12).
28
What is the value of (-23 - (61 - 129)) + -59?
-14
Calculate (42 - 21) + -14 - (-19 + 12).
14
Evaluate (21 - -15) + -33 + (-59 - 3 - 3).
-62
(-343 + 357 - (-3 - 0 - -33)) + 20
4
Calculate 20 + (31 - 41) + 3 + 12 + 0 + 4.
29
Evaluate -2 + (-2 - -2) - (-8 - 3 - 31 - 26).
66
Evaluate (-7 - -11 - (11 - (-2 + -15 + 8))) + 76.
60
What is 27 + (-13 - ((-12 - (-11 + (2 - -4))) + 2))?
19
What is the value of 5 + 1 - -3 - -6 - (-5 + 16)?
4
-34 - (-1 + (3 - (26 - 10)))
-20
67 + (-97 - -88) + -14 - (-1 - 1 - 0)
46
Calculate (0 - 8 - (30 - 17)) + (6 - -111).
96
What is the value of (25 - 11) + 3 + (6 - 29) + 27?
21
What is the value of -17 + 19 + (18 - 46 - -30)?
4
What is 61 - (-30 + 1 - -17)?
73
-75 + 138 + 43 + -15
91
-21 - (19 - (-31 + 39))
-32
What is -15 + (-3 + 38 - 33) - (-90 - 1)?
78
Evaluate (-1 - -14 - (0 + 1)) + 16770 + -16759.
23
What is -25 + -7 + 31 - (-106 + -11 - -9)?
107
(-35 - (-36 + 0)) + 13 - -84
98
Calculate 2 + 80 + -33 + -14 + 5.
40
What is -25 - (27 + -34 + -67) - (-3 - -1)?
51
Evaluate (28 - 2 - 37) + 4 + (-14 - 2).
-23
Calculate 50 + 0 + -60 + (-30 - -83).
43
Evaluate -12 - (-8 + 7 - (9 - (-5 + 22))).
-19
10 - (118 - 47 - 44)
-17
Calculate 144 - 123 - (1 + 4) - -4.
20
What is the value of 94 + -3 - -53 - (17 - 1)?
128
What is the value of (89 - (31 + 101)) + 69?
26
What is -3 - (-32 + (6 - 8) - (-7 - (-3 - -4)))?
23
Evaluate -24 + 17 + -26 - -8 - (-62 + 1).
36
Calculate 20 - (-36 + 20 + -1 + -9 + 16) - -13.
43
(-33 - (25 + -33)) + 23 + (-2 - -46)
42
What is -1966 - -1978 - (0 - -1)?
11
What is -190 + 254 + -42 + -5 + -1?
16
53 + 37 + -94 + (-62 - -1)
-65
What is (18 + -1 - 26 - (-1 - (-4 + 6))) + -27?
-33
What is the value of 85 + (11 + 8 - -7) - -31?
142
What is -6 - (-87 + (-3 + 21 - -6))?
57
-6 + -22 + -6 + 32 + (-6 - -2) - -2
-4
What is (29 - 2) + (15 - 79) + 6?
-31
15 + -26 - ((34 - 68) + 83)
-60
(10 - (-27 + 16 + 12 - 68)) + -12
65
Calculate -41 + 7 + -16 + -2 + 55.
3
Calculate (51 - -54) + 5 + -63.
47
-5 + -1 + 3 + 26 + 3978 + -3974
27
-41 + (-101 - -52 - -55 - (3 + 1))
-39
What is the value of ((8 - (-10 - -16)) + -4 - 99) + -16 + 5?
-112
What is the value of (-16 - (118 - 32)) + 27 + -1?
-76
Calculate (104 - 5) + (37 - 35) + -25.
76
What is the value of 4 + (18 - 1) + -113 + 145?
53
7 - (11 + 79) - (11 + -18 + (10 - -1))
-87
Evaluate (2 - -4) + (83 - 73) + -33 + 111.
94
What is 45 - 30 - (6 - -10 - -6)?
-7
What is 88 + -116 + (-6 - -94)?
60
-64 - (24 + -63 + -116)
91
What is the value of 14 + (-19 - -11) - (61 - (6 + 6))?
-43
(26 - 1 - (-196 + 181)) + -29
11
Evaluate 182 - 186 - (-4 + 39).
-39
Evaluate -69 - 5 - (-2 - 17).
-55
-3 - -20 - (44 - 2) - 17
-42
Calculate (1 - -2) + 28 - -24 - (14 + -1).
42
What is the value of 6 + (-26 - -14) + -5 + 39 + 5?
33
(10 - 10) + 8 + (20 - 17)
11
What is 6 + (-95 - -1) + 59 + (55 - 99)?
-73
Evaluate -52 + 58 + 75 + (-16 - -3).
68
6 + (19 - 7) - (26 - 38)
30
Calculate (-23 - (8 - (7 - 9))) + 24.
-9
What is the value of (-1 - 0 - 15) + 2293 + -2248?
29
What is (2611 - 2606) + 0 + (0 - -7) + -12 + -6?
-6
Calculate -12 - (-45 + 3 + -50 + 66).
14
Evaluate -51 + 7 - (-9 - -18 - (10 - 0)) - 5.
-48
Evaluate -1 + (0 - 2) - (-83 + (-73 - -91)).
62
Evaluate (301 - 312) + 149 + 7 + -2 + 4 + -2.
145
Calculate -32 + (-20 - 3) + (-141 - -260).
64
Evaluate (2 - 2) + (-1791 - -1712).
-79
44 + -122 + 117 + (1 - 83)
-43
Calculate 47 + -23 + (14 - 48).
-10
Evaluate (29 - 4 - 0) + 62 + (-14 - 33).
40
What is -17 + -13 + -46 + 26 + 57?
7
Evaluate (1 - (6 + -5)) + (-45 - 27).
-72
What is -5827 + 5829 + 1 + -62?
-59
Calculate -146 + 76 - (-2 + -1 + (17 - 26) - -4).
-62
33 - (0 + (-6 - -15) + (-21 - -17))
28
What is the value of 59 - (0 + 0) - (-14 + 17 + (-38 - -24))?
70
Evaluate 18 - (-728 + 696 - (-21 + (-2 - -3))).
30
What is the value of 86 + -99 + -33 + 70?
24
What is the value of 104 + (-9 - 63) - 81?
-49
What is (-9 - (-8 - (-13 - -9))) + -61 + (37 - 13)?
-42
Calculate (-3 - 10) + (10 - (-79 - -128)).
-52
What is -17 - 0 - (246 + -482 + 215)?
4
What is -89 + 65 + (-93 - -10) + -28?
-135
Calculate 26 + (-37 + 9 - (-7 - 4)) + 12.
21
6 + (27 + 1 + -13 - 5) + -1
15
Calculate (1 - (-1 + 10)) + (1723 - 1703).
12
What is 4 - (20 + -18 - (-2 - (6 - 16)))?
10
Evaluate 50 - (1 - (-45 + 3)).
7
What is the value of -1706 - -1718 - (4 + 61 + 2)?
-55
What is 6 + -29 + 12 - (68 - (5 + 1) - 1)?
-72
What is 1 + -1 - -9 - ((65 - -48) + -60)?
-44
Calculate 1 - 12 - -2 - (-10 + -41 + -27 + 52).
17
What is (-5 - (-18 + 39)) + 2 + 21?
-3
What is the value of 3 + (-8 - (-8 + 36)) + 7 + -4 + 0?
-30
(0 - 2 - -76) + (-7908 - -7917)
83
Evaluate -6 + -10 + -5 - (-5 - -10).
-26
Calculate -33 + 1 - (-128 - -2).
94
21 - (-28 - (21 - (17 + -10)))
63
Calculate (-13 - (-25 + 119)) + 202.
95
What is 38 + (-6 - (-79 + 65))?
46
What is the value of 4 + 107 - ((-67 - -129) + -80)?
129
What is the value of -30 + (32 - 90) + -21?
-109
Calculate 2 - 8 - (-1048 + 1024).
18
1299 + -1388 - (6 - 29)
-66
What is (66 - (-123 + 195)) + -7 + 2 + 3 + -7?
-15
Calculate 7 + 19 - (4 - (29 - 5)).
46
Calculate (-77 + 110 - (4 + 18)) + -11 + 51.
51
What is (-8 + -6 - (17 + -45)) + (-58 - -1)?
-43
What is -2 - 2 - (11 - 6) - (-24 - -39)?
-24
Calculate -19 + 10 + 29 - (4 + (-6 - -1)).
21
What is the value of 139 + -114 - ((9 - 0) + -35)?
51
Calculate (-3 - 0) + -40 - ((58 - 97) + 27).
-31
-2 - -2 - (16 - 2) - (-378 - -377)
-13
(16 - 16 - 37) + 21 + 2 + (129 - -2)
117
Calculate (-6 + 10 - 1) + 8 + -800 + 848.
59
Evaluate 33 - (-1872 + 1841 - (0 + -147)).
-83
Calculate 524 - 541 - (4 + (5 - 9)).
-17
Evaluate (0 - 7) + -7 + -11 + (5 - -1).
-19
What is -504 - -626 - (-12 + 58)?
76
Evaluate (3 - (-5 - -3)) + (22 - (15 + -15 + 5)).
22
Evaluate 9 + (14 - 3 - 8) + 40 + -3.
49
Calculate (51 - 36) + (-10 - (7 - 4)).
2
What is 365 - 251 - (62 + -10)?
62
-107 - (66 - (-74 - -195))
-52
Evaluate -55 + (2 - -6 - (22 - (-4 - -28))) + -14.
-59
Evaluate 132 + -36 + -63 - -28.
61
0 + (3 - 59) + (1 - 7) + (79 - 71)
-54
4 - -4 - (-92 + 3) - -9 - (-2 - 3)
111
What is the value of -8413 + 8431 - (20 - (6 - 3))?
1
What is (-467 + 455 - (0 + 8)) + 14?
-6
-104 - (-165 + (17 - -56))
-12
Calculate (-11 - 1) + (-137 - -138) + 4.
-7
What is the value of -109 + (2 - (-111 + 117))?
-113
Evaluate -118 - (-63 + 40 + -18 - -12).
-89
Calculate 11 + -14 + -3 + 8 - -90.
92
Evaluate (-5 - 6) + -701 + 767.
55
(60 - -2) + 936 + -917
81
(258 - 265 